*c - 421729. Determine r(-2).
-87
Let j(b) = -b**3 + 161*b**2 - 167*b + 622. Give j(160).
-498
Let t(y) = -y**2 + 106*y - 1564. What is t(84)?
284
Let q(z) = 2*z**3 - 544*z**2 + 2160*z - 4368. What is q(268)?
-80
Let j(y) = 251*y**2 - 568*y + 111. Calculate j(2).
-21
Let d(i) = -24615*i + 320046. Calculate d(13).
51
Let a(m) = -1554*m - 977486. What is a(-629)?
-20
Let f(t) = 2*t**3 - 20*t**2 - 370*t + 3608. Give f(13).
-188
Let w(h) = -7*h - 15. What is w(-10)?
55
Let t(v) = -31447*v + 15188891. Calculate t(483).
-10
Let k(f) = -7*f**2 + 78*f + 617. Give k(-7).
-272
Let b(m) = 877*m - 392927. Determine b(448).
-31
Let n(d) = -d**2 - 63*d + 410. Calculate n(8).
-158
Let f(w) = -11*w**2 - 57*w - 2035. What is f(-18)?
-4573
Let q(x) = 1392*x**2 + 75174*x + 83. Determine q(-54).
-241
Let u(l) = 93*l**3 + 11*l**2 - 19*l - 25. Give u(-1).
-88
Let j(g) = -g**2 - 2940*g + 149509. Determine j(50).
9
Let s(c) = 282*c + 54664. What is s(-196)?
-608
Let a(c) = 3177*c + 25469. Determine a(-8).
53
Let f(l) = -4*l**3 + 389*l**2 - 28*l - 6689. Calculate f(97).
4
Let n(o) = o**2 + 405*o + 35062. Calculate n(-125).
62
Let v(m) = 121*m**2 - 825*m - 52. What is v(7)?
102
Let s(m) = -3656*m**2 + 22073*m - 816. What is s(6)?
6
Let u(l) = 113*l - 4036. Calculate u(40).
484
Let b(l) = -9*l**3 - 12*l**2 - 94*l - 291. What is b(-3)?
126
Let x(i) = -9*i**2 + 364*i - 1434. Give x(4).
-122
Let a(l) = l**3 - 350*l**2 - 2846*l + 179. What is a(-8)?
35
Let k(h) = -3*h**3 - 425*h**2 + 105*h - 5210. What is k(-142)?
44
Let x(d) = -d**3 + 4*d**2 + 164*d - 68. Calculate x(15).
-83
Let m(s) = -10*s**3 - 424*s**2 - 153*s + 623. Give m(-42).
-7
Let p(n) = -14*n**3 - 2*n**2 + 38*n - 51. Calculate p(2).
-95
Let s(y) = 1627*y - 61777. What is s(38)?
49
Let t(k) = -2*k**3 + 11*k**2 + 97*k + 740. Calculate t(-7).
1286
Let n(l) = 3446*l + 24177. What is n(-7)?
55
Let i(u) = -3012*u - 48076. Calculate i(-16).
116
Let q(r) = 1469*r - 151137. Determine q(103).
170
Let a(s) = 2*s**3 - s**2 - 31*s + 12. Give a(4).
0
Let g(d) = -4881*d - 1810866. What is g(-371)?
-15
Let t(c) = 3*c**3 - 1470*c**2 + 7274*c + 312. What is t(485)?
-173
Let d(m) = m**3 - 331*m**2 + 23488*m - 398. Give d(103).
14
Let z(m) = -16913*m - 16938. What is z(-1)?
-25
Let h(l) = 33353*l + 37388713. Determine h(-1121).
0
Let h(d) = -d**2 - 205*d + 34584. Calculate h(112).
-920
Let y(s) = -301463*s + 602912. What is y(2)?
-14
Let g(j) = 28977*j**2 + 28883*j - 88. Determine g(-1).
6
Let f(w) = w**2 - 1396*w + 83986. Calculate f(63).
7
Let n(o) = 1037*o + 233308. Determine n(-225).
-17
Let h(p) = 108*p + 3694. Determine h(-41).
-734
Let v(m) = 1909*m - 55352. Calculate v(29).
9
Let n(c) = 4*c**3 + 110*c**2 - 170*c + 146. Determine n(-29).
30
Let b(a) = a**3 + 121*a**2 - 801*a - 4858. Determine b(-127).
95
Let s(b) = 122*b - 1357. Give s(5).
-747
Let b(k) = k**2 - 3703*k - 975649. Give b(-247).
1
Let q(b) = -55*b**3 + 35*b**2 + 70*b - 9. What is q(-2)?
431
Let k(q) = q**2 - 1214*q + 7281. Calculate k(6).
33
Let l(p) = 493*p**2 - 13819*p + 431. What is l(28)?
11
Let k(w) = -84*w**2 + 799*w - 9. What is k(10)?
-419
Let c(f) = -422*f + 6582. Calculate c(16).
-170
Let a(n) = -6*n**2 - 495*n + 918. Determine a(-84).
162
Let z(r) = -r**3 - 13*r**2 + 1778*r - 503. Calculate z(36).
1
Let f(m) = 16*m**3 + 255*m**2 + 7*m + 196. Calculate f(-16).
-172
Let d(n) = -29*n**2 - 239*n - 947. Calculate d(-4).
-455
Let m(c) = c**3 + 79*c**2 + 231*c - 120. Determine m(-76).
-348
Let t(s) = 5*s**2 - 711*s - 96319. Determine t(227).
-71
Let j(a) = 2*a**2 - 618*a + 9346. Calculate j(293).
-30
Let n(b) = 7321*b + 36642. Determine n(-5).
37
Let s(t) = -54*t - 4283. What is s(-132)?
2845
Let t(o) = -3*o**2 + 51551*o - 1081262. Determine t(21).
-14
Let r(c) = -4*c**2 + 815*c + 14254. Calculate r(-18).
-1712
Let k(z) = 19*z**3 - 808*z**2 - 413*z + 1142. Determine k(43).
24
Let l(z) = -z**2 + 62*z - 10. Calculate l(8).
422
Let v(a) = 2231*a**2 + 28991*a - 124. Calculate v(-13).
32
Let g(d) = -2*d**2 - 282*d - 5653. Determine g(-24).
-37
Let f(u) = 2*u**3 + 8*u**2 - 62*u + 286. Give f(-9).
34
Let n(s) = 2872*s - 709353. Calculate n(247).
31
Let j(b) = 474*b**2 - 56879*b - 131. What is j(120)?
-11
Let o(c) = -10644*c + 713153. What is o(67)?
5
Let x(l) = -25*l**3 - l**2 + 31*l - 52. Calculate x(2).
-194
Let q(z) = z**3 - 1273*z**2 + 21322*z + 361. What is q(17)?
-149
Let b(o) = 199*o - 24709. What is b(124)?
-33
Let c(i) = -14897*i + 983177. What is c(66)?
-25
Let b(y) = 593*y + 909. Determine b(6).
4467
Let j(p) = -21*p**3 + 5*p**2 - 435*p + 431. Calculate j(1).
-20
Let f(j) = j**3 + 38*j**2 + 210*j + 3910. What is f(-35)?
235
Let w(m) = 1809*m + 4658. Calculate w(-3).
-769
Let w(j) = -j**2 - 65912*j + 659189. Determine w(10).
-31
Let t(a) = 7566*a + 90839. Calculate t(-12).
47
Let l(k) = -1342*k + 139546. Determine l(104).
-22
Let j(t) = 612*t**2 - 87510*t - 834. Determine j(143).
24
Let k(t) = -511323*t - 2556728. Determine k(-5).
-113
Let j(i) = 22782*i - 320. Determine j(0).
-320
Let p(v) = 924*v**3 + 7381*v**2 - 88*v - 7. What is p(-8)?
-7
Let f(b) = -2*b**3 + 23*b**2 + 17897*b - 232195. Determine f(13).
-41
Let r(v) = v**2 + 32808*v - 2631041. What is r(80)?
-1
Let t(h) = -148*h**2 - 7700*h - 74. What is t(-52)?
134
Let n(p) = p**3 - 744*p**2 + 10105*p + 83946. What is n(730)?
-4
Let u(r) = 332*r**2 - 133463*r - 327. Determine u(402).
75
Let b(x) = 7117*x + 85501. What is b(-12)?
97
Let o(h) = -27782*h + 83384. Determine o(3).
38
Let k(f) = -3*f**2 - 2897*f + 80381. Determine k(27).
-25
Let q(x) = 1523*x - 17748. Determine q(11).
-995
Let o(j) = j**2 - 53*j - 491. What is o(-26)?
1563
Let p(i) = -2*i**3 - 5778*i**2 - 949904*i - 694. Calculate p(-175).
6
Let n(o) = -o**2 + 1273*o - 27784. Determine n(22).
-262
Let v(z) = -z**3 + 17*z**2 + 3834*z + 15341. Give v(-4).
341
Let f(z) = z**3 - 5*z**2 - 227*z - 77. Give f(-11).
484
Let v(d) = 110707*d - 2878366. Give v(26).
16
Let j(m) = 2*m**2 + 32*m - 8146. Give j(-71).
-336
Let t(q) = q**3 - 65*q**2 + 671*q + 79. Calculate t(13).
14
Let d(b) = 4977*b - 64976. Give d(13).
-275
Let p(x) = -11602*x + 1102168. Give p(95).
-22
Let j(c) = c**3 + 478*c**2 + 1457*c + 15204. Determine j(-475).
4
Let y(i) = 601*i - 25965. Calculate y(42).
-723
Let o(k) = -3362*k - 10081. Calculate o(-3).
5
Let p(s) = -41*s**3 + 211*s**2 - 11*s - 53. Determine p(5).
42
Let a(h) = 3043277*h - 3043277. Give a(1).
0
Let z(m) = 3991*m - 35574. Calculate z(9).
345
Let u(n) = n**2 - 108*n + 2346. Calculate u(43).
-449
Let l(f) = -9*f**2 - 1285*f + 204. Determine l(-142).
1198
Let z(c) = 552*c - 53438. What is z(97)?
106
Let n(d) = d**3 + 3*d**2 - 180*d - 1575. What is n(-11)?
-563
Let o(s) = 11*s**2 + 1656*s + 9529. Determine o(-6).
-11
Let t(m) = -m**3 - 293*m**2 - 833*m + 10768. Calculate t(-290).
38
Let i(j) = 16*j**3 + 6*j**2 - 43*j + 87. Determine i(2).
153
Let g(c) = 81*c + 4852. Give g(-36).
1936
Let g(l) = -73*l + 6180. Determine g(83).
121
Let g(u) = -775356*u + 74434176. Determine g(96).
0
Let r(c) = 101502*c + 507520. What is r(-5)?
10
Let f(c) = 1505388*c + 25591589. Give f(-17).
-7
Let i(k) = -k**3 - 969*k**2 - 22682*k - 33. Give i(-24).
15
Let m(i) = 1006*i + 445652. Determine m(-443).
-6
Let n(b) = 3490*b - 718934. Determine n(206).
6
Let t(i) = 298*i**2 + 46*i + 97. Determine t(0).
97
Let j(x) = -128*x**2 + 229*x + 487. What is j(-7)?
-7388
Let t(b) = -4*b**3 + 74*b**2 - 161*b + 24. Give t(16).
8
Let w(j) = 28*j**2 + 690*j + 3956. Calculate w(-9).
14
Let q(k) = -k**3 + 7*k**2 - 465*k + 4948. Calculate q(10).
-2
Let k(y) = 1124*y + 15722. Calculate k(-14).
-14
Let o(i) = 449*i - 5054. Give o(11).
-115
Let s(v) = -4*v**3 - 149*v**2 - 316*v + 267. Give s(-3).
-18
Let n(m) = -78918*m + 3472379. Calculate n(44).
-13
Let g(r) = 1123*r - 12752. Calculate g(8).
-3768
Let y(h) = 1009*h**3 - 100*h**2 - 202*h. What is y(-2)?
-8068
Let o(h) = 6*h**2 + 50558*h - 151686. Give o(3).
42
Let v(u) = -u**2 - 319*u - 24776. What is v(-185)?
14
Let k(o) = -o**3 + o**2 + 930*o + 12. What is k(31)?
12
Let q(j) = 653*j - 1480. Give q(-10).
-8010
Let n(q) = -q**3 + 1856*q**2 - 76*q + 6. Calculate n(0).
6
Let h(i) = 2*i**3 + 408*i**2 - 82*i - 99058. Calculate h(-203).
6
Let d(h) = -9*h**3 - 2746*h**2 - 290*h + 4295. Give d(-305).
-280
Let u(x)